en y is divided by 18?
13
Calculate the remainder when 152 - -3*(8 + 84/(-12)) is divided by 15.
5
Let f(g) = -g + 9. Let w be f(5). Suppose -p - 5 = 5*n + w*p, -4*n = -3*p - 10. Let x(b) = -b**2 - 5*b - 3. Calculate the remainder when x(-3) is divided by n.
0
Let r(g) = 18*g**2 - g + 79. Let i be r(7). Suppose -a = -5*l - 318, -3*a + 0*a - l = -i. Calculate the remainder when a is divided by 80.
78
Let c = -2079 - -2120. Calculate the remainder when 92 is divided by c.
10
Let t(g) = -170*g + 177. Calculate the remainder when 620 is divided by t(1).
4
Let g(y) = -6*y + 10. Let d(u) = u**2 - 12*u + 8. Let k be d(7). Let w = k + 55. What is the remainder when g(-7) is divided by w?
24
Suppose 16 = 2*p - h, 2*h = -3*p - h + 24. Let o(v) = 63*v - 6200. What is the remainder when o(99) is divided by p?
5
Let c = 144 + -31. Let r(z) = z**2 + 302*z + 2945. What is the remainder when c is divided by r(-10)?
13
Let y be (-8 + -1)/(-3 - -4). Let b(l) = -2*l. Let q(n) = -n**2 - 25*n + 17. Calculate the remainder when q(-22) is divided by b(y).
11
Let l = -3266 + 5675. Calculate the remainder when l is divided by 67.
64
Suppose 38*b - 34*b = 2*x + 36, -2*b + 18 = -5*x. Let t(m) = -121*m - 19. What is the remainder when t(-2) is divided by b?
7
Let f(g) = g**2 + 7*g + 17. Let h be 12/10*((-385)/33 + 5). Let k(r) = 99*r**3 - r + 1. What is the remainder when k(1) is divided by f(h)?
24
Let s(q) = -q**2 - 10*q + 2. Let t be s(0). Suppose 0 = t*x + 4*x - 396. Calculate the remainder when x is divided by -17*(1 + 0)/(-1).
15
Suppose -270*x + 353567 = -584143. Calculate the remainder when x is divided by 44.
41
Suppose 0 = 4*x - 3*n - 105, 8*n - 9*n = 3*x - 82. Calculate the remainder when 137 is divided by x.
2
Suppose 2*u - 13*u + 11264 = 0. Suppose 4*c - u = -12*c. Calculate the remainder when c is divided by 11.
9
Let q = -96 + 96. Suppose 5*k + k - 18 = q. What is the remainder when k/6*49*(-72)/(-42) is divided by 5?
2
Let t = 281 - 290. Let x(o) = -o**3 - 8*o**2 + 9*o + 12. Calculate the remainder when 79 is divided by x(t).
7
Let z = -48 + 169. Suppose 0 = -2*c + 4*c + 138. Let j = c + z. What is the remainder when j is divided by 14?
10
Suppose 0 = 3*u + 12, 0 = i + 37*u - 41*u - 22. Calculate the remainder when 494 is divided by i.
2
Let f(c) = c**2 + 15*c + 47. Let d be f(-23). Suppose 5*n - d = 2*m + 157, -2*m = 4*n - 314. Let b = 20 + 7. Calculate the remainder when n is divided by b.
24
Let q = -9504 + 9716. What is the remainder when 663 is divided by q?
27
Let t(w) = -w**2 + 24*w + 1. Let f be t(12). Suppose 4*m = 2*x + 3*x - 171, 4*x - f = -5*m. Calculate the remainder when x is divided by 12.
11
Suppose -13*w + 28 = -6*w. Suppose 6*k + z = 2*k + 91, w*k - 76 = 4*z. Let i = 131 + -47. Calculate the remainder when i is divided by k.
18
Suppose 0 = -7*a + 6*a + 9. Let w be (-805)/(-14) + a/6. Let r = 89 - w. Calculate the remainder when 57 is divided by r.
27
Let l = 0 + 3. Let x(p) = -1070*p - 58645. What is the remainder when x(-55) is divided by l?
1
Suppose 5*a - 18*d - 645 = -13*d, 2*a + 3*d = 253. What is the remainder when a is divided by ((-2)/4)/((-3)/114)?
14
Suppose -n + 0*n = -19. Let m = -72 + 88. What is the remainder when n is divided by m/(-40) + 2/10*27?
4
Let b = 20 - -15. Let u = -8430 - -8442. What is the remainder when b is divided by u?
11
Suppose 6*t = 32*t - 0*t - 22100. What is the remainder when t is divided by 135?
40
Suppose -3*n - 2*n = -3*i - 4, 5*n + 5*i - 20 = 0. Suppose 0 = -5*t - 5*l + 425, -n*l - 314 + 39 = -3*t. Calculate the remainder when t is divided by 31.
27
What is the remainder when 30795 is divided by 7 - (-17 + 32/(-112) + (-99)/21)?
26
Suppose -476*x + 5037 = -471*x - i, -2047 = -2*x + 5*i. Calculate the remainder when x is divided by 4.
2
Suppose 14 - 6 = -4*l. Let y(d) = -d**2 - d + 3. Let n be y(l). What is the remainder when (n + 12/(-20))*45 is divided by 7?
4
Suppose 4*b = 5*k + 10566 + 5205, 3*k + 7885 = 2*b. Suppose 5*j = -24*j + b. Calculate the remainder when j is divided by 69.
67
Suppose -4*k + j = -350 + 1, 0 = 4*k - 3*j - 359. Calculate the remainder when k is divided by (-310)/(-7) - 64/224.
42
Let q(u) = -364*u + u**2 + 365*u + 12*u**2 - 7. What is the remainder when q(2) is divided by 5?
2
Calculate the remainder when 1389 - (-16)/((-288)/234) is divided by 682.
12
Let i(z) = 347*z - 3557. Calculate the remainder when i(12) is divided by 202.
1
Let y(d) = 68*d + 40. Let l be y(-5). Let c = l + 423. Calculate the remainder when c is divided by 32.
27
Calculate the remainder when 3847 is divided by (-21 + 731/34)*(7*100)/2.
172
Suppose 4*y + 13*w = 8*w + 501, -5*y + 654 = -3*w. What is the remainder when y is divided by 25?
4
Let h(u) = -u**3 - 8*u**2 + 47*u + 365. Calculate the remainder when 1170 is divided by h(-6).
4
Let r(l) = l**3 + 4*l**2. Let b = 7433 + -7389. What is the remainder when r(4) is divided by b?
40
Let w be -1*-1*(-2 + -15). Let h be (-1)/2*2*w. Suppose 0 = -h*i + 13*i + 24. Calculate the remainder when 29 is divided by i.
5
Suppose -s = -5*t - 16, 5*s + t = -0*s + 28. Calculate the remainder when ((-42)/45)/(9/(-135)) is divided by s.
2
Let g = -186 + 963. Calculate the remainder when g is divided by 195.
192
Suppose 505 + 3527 = 18*g. Suppose 0 = 2*y + 5*v - 119, -4*y = -4*v - 0*v - g. What is the remainder when 169 is divided by y?
55
Let g(u) = -u**3 - 8*u**2 - 18*u - 34. What is the remainder when 15 is divided by g(-6)?
1
What is the remainder when 565 is divided by 4 + (-2546)/(-14) + 102/(-119)?
10
Let o = -4332 - -5014. Calculate the remainder when o is divided by 224.
10
Suppose -4*h + 392 = -3*w, -2*h - 41*w + 178 = -38*w. Calculate the remainder when 4179 is divided by h.
94
Let g = -1689 - -8588. What is the remainder when g is divided by 69?
68
Suppose -96*s = -115*s + 228. Suppose -2*h = -4*b - 32, -4*b + 4 + 6 = h. Suppose s*l - h - 46 = 0. Calculate the remainder when 14 is divided by l.
4
Let k(t) = t**3 - 22*t**2 - 19*t + 26. Calculate the remainder when k(23) is divided by 39.
1
Suppose 2*w - 35*o + 33*o = 3206, o - 5 = 0. What is the remainder when w is divided by 21?
12
Suppose -3*q - 5*a = -a - 4, 4*q + 3*a - 10 = 0. Suppose 0 = -2*c + 4, q*c + 290 = -5*j + 1753. Calculate the remainder when j is divided by 73.
72
Let f be (-4)/10 - 13608/(-270). Suppose -121 = -4*p - 5*w, -4*p + 3*w + f = -95. Calculate the remainder when p is divided by 10.
4
Suppose 3*a - 12 = -3*a. Suppose -a*n + 5*n + 75 = -5*r, 3*r + n + 41 = 0. What is the remainder when 62 is divided by -69*(4/r)/1?
16
Suppose -208 + 988 = 15*n. What is the remainder when 364 is divided by n?
0
Suppose 4*t + 2044 = 2*h - 518, 0 = -5*t + 40. Calculate the remainder when h is divided by 25.
22
Suppose -12*i + 13*i = -3. What is the remainder when 212 is divided by 39 - (i/12)/(3/(-36))?
32
Let r = 229605 + -229574. Let c = -137 + 223. Calculate the remainder when c is divided by r.
24
Let t be -4*1/(3 + -6 + 1). Suppose 5*a - t*a = -15, -5*q - 2*a + 515 = 0. What is the remainder when q is divided by 12?
9
Suppose 0 = -v - x + 80, -16*x = 5*v - 148 - 307. Calculate the remainder when 1637 is divided by v.
62
Let o(d) = 4*d - 36. Let f(y) = -y**3 - 15*y**2 - 2*y - 20. Let g be f(-15). Suppose 8*i = 22 + 58. What is the remainder when i is divided by o(g)?
2
Let d(j) = j**3 - 36*j**2 - 35*j - 41. Let y be d(37). Let f = y - -22. What is the remainder when 69 is divided by f?
14
Let k = -33 - -63. Let f(a) = 13*a - 40. Let o be f(4). Suppose 0 = 12*t - 7*t - p - 22, 4*p = -5*t + o. Calculate the remainder when k is divided by t.
2
Let l = -16 - -33. Let u be (2/(-9))/((-7)/63). Suppose 5*a = c + 237, 0 = u*a - c + 2*c - 99. What is the remainder when a is divided by l?
14
Suppose -1577*y = -1586*y + 15282. Calculate the remainder when y is divided by 21.
18
Calculate the remainder when ((-600)/16)/((-6)/12) is divided by (2*57/15)/(3/15).
37
Suppose -4855 = 13*n - 5037. Calculate the remainder when 170 is divided by n.
2
Let z = -225 - -255. Suppose -2*j - 5*d + 3 = 0, -5*d + z = 4*j + j. What is the remainder when 17 is divided by j?
8
Suppose 0 = -127*v + 1733 + 4744. Calculate the remainder when 1682 is divided by v.
50
Let c(k) = 3*k**2 + 371*k + 6423. What is the remainder when 34